Does 131 divide 133261?
False
Is 5 a factor of 2648320?
True
Is 1228940 a multiple of 33?
False
Is 3235720 a multiple of 20?
True
Is 21 a factor of 8069498?
False
Does 15 divide 216121?
False
Is 9852 a multiple of 163?
False
Is 313 a factor of 413160?
True
Does 606 divide 2193114?
True
Is 8547679 a multiple of 4?
False
Does 5 divide 159325?
True
Is 312283 a multiple of 9?
False
Is 15 a factor of 531806?
False
Is 197105 a multiple of 79?
True
Does 60 divide 181560?
True
Is 61410 a multiple of 115?
True
Is 21994 a multiple of 140?
False
Does 125 divide 1306750?
True
Is 8 a factor of 7070151?
False
Is 76 a factor of 428219?
False
Is 21060 a multiple of 90?
True
Does 221 divide 186144?
False
Does 51 divide 246432?
True
Is 47 a factor of 1451265?
False
Is 52 a factor of 115825?
False
Is 5860865 a multiple of 59?
False
Is 27 a factor of 18206451?
True
Is 63 a factor of 416493?
True
Does 12 divide 491856?
True
Is 626 a factor of 1414453?
False
Is 29 a factor of 21644962?
True
Is 7 a factor of 1276582?
False
Is 626 a factor of 257912?
True
Is 52 a factor of 1393288?
True
Is 89200 a multiple of 18?
False
Is 437057 a multiple of 56?
False
Is 52 a factor of 381836?
True
Is 8639330 a multiple of 24?
False
Is 22416 a multiple of 16?
True
Is 1281780 a multiple of 60?
True
Is 106098 a multiple of 19?
False
Is 375 a factor of 228997?
False
Is 24 a factor of 597984?
True
Is 116 a factor of 527870?
False
Is 20 a factor of 67280?
True
Is 49 a factor of 200736?
False
Does 9 divide 30529?
False
Does 210 divide 1139040?
True
Is 1655917 a multiple of 470?
False
Does 33 divide 56859?
True
Is 121067 a multiple of 41?
False
Is 198443 a multiple of 215?
False
Does 94 divide 7931250?
True
Is 896046 a multiple of 10?
False
Is 358553 a multiple of 18?
False
Does 111 divide 689583?
False
Is 209 a factor of 253935?
True
Does 847 divide 339582?
False
Is 18 a factor of 19944?
True
Is 23 a factor of 191003?
False
Is 1954986 a multiple of 57?
True
Is 385 a factor of 6262444?
False
Is 7 a factor of 1608481?
True
Is 419979 a multiple of 7?
True
Does 8 divide 2021387?
False
Is 1882075 a multiple of 472?
False
Is 121246 a multiple of 8?
False
Is 229 a factor of 8171226?
False
Is 4 a factor of 860133?
False
Is 551285 a multiple of 133?
True
Is 140 a factor of 2946440?
True
Is 1018206 a multiple of 7?
True
Does 75 divide 273450?
True
Does 6 divide 47970?
True
Is 17 a factor of 475105?
False
Does 49 divide 6680934?
False
Is 101310 a multiple of 90?
False
Is 476 a factor of 183005?
False
Is 258 a factor of 33791550?
True
Is 358 a factor of 20004756?
False
Is 308 a factor of 3277120?
True
Does 77 divide 91003?
False
Does 251 divide 2164620?
False
Is 46 a factor of 104834?
True
Is 67 a factor of 443156?
False
Is 63 a factor of 80703?
True
Is 180 a factor of 407340?
True
Does 16 divide 699859?
False
Is 5 a factor of 100700?
True
Is 134 a factor of 63666?
False
Is 1471356 a multiple of 276?
True
Is 4586849 a multiple of 340?
False
Is 75020 a multiple of 11?
True
Is 423 a factor of 997946?
False
Is 96517 a multiple of 298?
False
Is 5 a factor of 94270?
True
Is 245337 a multiple of 53?
True
Is 32931779 a multiple of 96?
False
Is 53 a factor of 274275?
True
Is 7 a factor of 42046?
False
Is 331155 a multiple of 15?
True
Does 71 divide 213284?
True
Does 436 divide 558952?
True
Is 219369 a multiple of 9?
False
Is 14 a factor of 23568342?
True
Does 100 divide 336993?
False
Is 636762 a multiple of 113?
False
Does 105 divide 421575?
True
Is 320141 a multiple of 227?
False
Is 42495 a multiple of 23?
False
Is 667600 a multiple of 245?
False
Is 478 a factor of 3173442?
True
Does 63 divide 101830?
False
Is 494 a factor of 1039870?
True
Is 6333552 a multiple of 12?
True
Does 211 divide 204376?
False
Does 12 divide 38570?
False
Is 333 a factor of 2300944?
False
Is 499 a factor of 21160917?
False
Is 108108 a multiple of 42?
True
Is 477736 a multiple of 28?
True
Is 1771356 a multiple of 809?
False
Does 10 divide 953830?
True
Is 649 a factor of 68794?
True
Is 2376672 a multiple of 114?
True
Is 1032179 a multiple of 19?
False
Is 2907602 a multiple of 674?
False
Is 116355 a multiple of 2?
False
Is 52 a factor of 323232?
True
Is 1892 a factor of 26766124?
True
Does 47 divide 156704?
False
Does 11 divide 3322791?
False
Is 19 a factor of 272966?
False
Is 2 a factor of 43178?
True
Does 4 divide 60280?
True
Is 40950 a multiple of 22?
False
Is 1784147 a multiple of 399?
False
Is 187 a factor of 7800144?
True
Does 42 divide 4236876?
True
Is 13 a factor of 69719?
True
Is 14 a factor of 485941?
False
Is 1904856 a multiple of 116?
False
Is 614126 a multiple of 384?
False
Is 1565265 a multiple of 20?
False
Is 57 a factor of 17910242?
False
Is 3 a factor of 3345721?
False
Is 1081009 a multiple of 681?
False
Does 17 divide 2767671?
False
Is 122 a factor of 946668?
False
Is 21 a factor of 247063?
False
Is 207 a factor of 502596?
True
Does 67 divide 11974110?
False
Does 219 divide 770880?
True
Is 3028166 a multiple of 62?
False
Is 591120 a multiple of 363?
False
Is 692078 a multiple of 908?
False
Does 56 divide 1288?
True
Is 33330 a multiple of 33?
True
Is 16 a factor of 4325648?
True
Does 1242 divide 1034521?
False
Does 215 divide 220375?
True
Is 18837 a multiple of 23?
True
Is 124 a factor of 9460913?
False
Is 33 a factor of 752532?
True
Is 21 a factor of 45171?
True
Does 1144 divide 11052184?
True
Is 992 a factor of 1354080?
True
Is 60 a factor of 434160?
True
Is 3692539 a multiple of 699?
False
Is 6 a factor of 860388?
True
Does 18 divide 297900?
True
Does 418 divide 198332?
False
Does 132 divide 236280?
True
Is 29693 a multiple of 40?
False
Is 37783 a multiple of 63?
False
Is 321 a factor of 798006?
True
Is 399 a factor of 1593470?
False
Does 74 divide 20202?
True
Is 56 a factor of 72408?
True
Does 23 divide 17646?
False
Is 847 a factor of 373291?
False
Is 34545 a multiple of 4?
False
Does 11 divide 887730?
False
Is 38 a factor of 57668?
False
Is 313560 a multiple of 234?
True
Is 133 a factor of 893228?
True
Is 6 a factor of 6221104?
False
Is 61 a factor of 26840?
True
Is 159712 a multiple of 167?
False
Is 14 a factor of 13594?
True
Does 70 divide 315459?
False
Is 44 a factor of 89320?
True
Is 47 a factor of 7882?
False
Does 11 divide 1761524?
False
Is 166424 a multiple of 70?
False
Is 80 a factor of 1143288?
False
Does 38 divide 567800?
False
Is 20 a factor of 3555780?
True
Does 10 divide 4053150?
True
Is 32 a factor of 6123130?
False
Is 1900672 a multiple of 992?
True
Is 3952267 a multiple of 494?
False
Does 26 divide 70278?
True
Does 81 divide 366754?
False
Is 2763481 a multiple of 1195?
False
Is 66 a factor of 196871?
False
Does 14 divide 100282?
True
Is 104984 a multiple of 11?
True
Is 4976629 a multiple of 622?
False
Does 689 divide 520195?
True
Does 4 divide 3534417?
False
Does 526 divide 6824911?
False
Is 40 a factor of 1984840?
True
Does 42 divide 174941?
False
Is 22 a factor of 288662?
True
Is 79960 a multiple of 14?
False
Is 50092 a multiple of 3?
False
Is 248886 a multiple of 297?
True
Is 8 a factor of 278057?
False
Is 5417191 a multiple of 5?
False
Is 84 a factor of 26124?
True
Is 11926052 a multiple of 66?
False
Is 215 a factor of 17734060?
True
Does 95 divide 121410?
True
Does 178 divide 419546?
True
Is 280910 a multiple of 132?
False
Does 192 divide 437376?
True
Is 6 a factor of 4129114?
False
Is 1036587 a multiple of 108?
False
Is 57 a factor of 27184098?
True
Is 9659230 a multiple of 1190?
True
Is 10043636 a multiple of 17?
False
Does 2639 divide 24827712?
True
Is 510 a factor of 158683?
False
Does 111 divide 445665?
True
Is 583770 a multiple of 122?
True
Is 356 a factor of 4326860?
False
Is 3197417 a multiple of 225?
False
Does 108 divide 2286359?
False
Does 16 divide 3788742?
False
Is 9 a factor of 1076400?
True
Does 28 divide 13972?
True
Is 713 a factor of 5226186?
False
Is 2421870 a multiple of 15?
True
Does 12 divide 262374?
False
Does 164 divide 44116?
True
Is 12258 a multiple of 27?
True
Is 771363 a multiple of 81?
True
Is 57500 a multiple of 500?
True
Does 75 divide 932541?
False
Does 47 divide 1148040?
False
Is 77 a factor of 3547787?
False
Does 396 divide 833276?
False
Is 1279734 a multiple of 35?
False
Is 3395993 a multiple of 1249?
False
Is 1660653 a multiple of 630?
False
Does 30 divi